*(-3 + g) - -1. Suppose r - 24 = c - 4, 5*r + u*c - 86 = 0. What is the units digit of r?
8
Suppose 5*t + 25 = -2*q, -2*t - 1 = -q - 0. Let n(h) = 7 - 2*h + 3*h + 0*h. What is the units digit of n(q)?
2
Let r = 153 - 57. Suppose 3*p - r = p. What is the tens digit of p?
4
Suppose 190 = -5*x + 10*x. What is the units digit of x?
8
Let m = 19 - 13. Suppose 0 = 2*p - 6, 0 = 3*q - 0*p - 4*p + m. What is the units digit of q?
2
Let c = -12 + 32. Let j be (4/(-1)*-1)/2. Suppose j*f - c = -2*f. What is the units digit of f?
5
Let y(a) = -a**2 - 15*a - 11. Let x be y(-13). Suppose f = x - 3. What is the units digit of f?
2
Let q be (8 + 0)*(-2)/(-4). Suppose -7*z = -q*z - 24. Let b(n) = 2*n - 10. What is the units digit of b(z)?
6
Let w(h) = 8*h - 1. Let m(k) = 7*k. Let s(y) = -5*m(y) + 4*w(y). Suppose 0 = -5*p - 3 - 17. What is the units digit of s(p)?
8
Let h(w) = -w**3 - 7*w**2 + 12*w + 2. What is the units digit of h(-9)?
6
Suppose -4 = -10*f + 8*f. What is the tens digit of 22/3*3/f?
1
Let t(p) = -p**3 - 7*p**2 - p + 6. Suppose 0*g + g = -1. Let o = g - 6. What is the tens digit of t(o)?
1
Suppose -n - 1 = 2. Let q be 3 - ((-6)/n + -2). What is the units digit of q/15*-2*-5?
2
Suppose x - 3*x + 6 = 0. Suppose 0 = -0*l + 2*l - 4*f, 5*l + x*f - 13 = 0. Suppose -y - w = -2*w - 6, l*w + 22 = 3*y. What is the units digit of y?
0
Let v = 107 - 301. What is the units digit of v/(-6) + (-6)/(-9)?
3
Let f(x) = x**2 - 5*x - 6. What is the tens digit of f(9)?
3
Suppose b + 3*t = 99, -3*b + 8*b - 4*t - 514 = 0. What is the units digit of b?
2
Let c = 8 + -12. What is the units digit of (-3 + 1)*c/8?
1
What is the tens digit of (-591)/(-6) - 21/14?
9
Let q(f) = -3*f - 2. What is the units digit of q(-3)?
7
Let o(y) = y**2 - 4*y - 13. What is the units digit of o(10)?
7
Let r(w) = 13*w - 39. What is the tens digit of r(6)?
3
Suppose -2*m + 1 = -9, -5*w + 270 = -3*m. Suppose 5*z + 70 = 5*r + 15, -2*r + w = 5*z. What is the tens digit of r?
1
Let a(i) = -2*i**2 + i - 1. Let f be a(1). Let o be (1/1)/(f/(-10)). Suppose -5*d + 14 + 12 = -4*u, o*u - 5 = 0. What is the units digit of d?
6
Let a(r) = -r**2 + 2*r + 7. Let s be a(5). What is the units digit of (-4)/s + 39/2?
0
Let y = -14 - -41. Suppose i + y = 5*j + 2*i, -4*j + 2*i + 30 = 0. Let c = j + 0. What is the units digit of c?
6
Let u(c) = -c**3 + 5*c**2 + 8*c - 8. Let j be u(6). Suppose 5*h = j*l + 61, -2*l - 4 - 33 = -3*h. What is the units digit of h?
3
Suppose -4*w - 78 = -2*d, 2*w = 3*d - w - 123. What is the units digit of d?
3
Let d(y) = -2*y. Let j be 2/3*3 - 0. Let x be d(j). What is the units digit of 21/27 + x/(-18)?
1
Suppose 0 = -2*r + 7*r + 5, -3*r = -3*m + 12. Let g be 45/25*(-2 - -17). Suppose g = m*j + 2*h, 7*j - 3*h = 3*j + 19. What is the units digit of j?
7
Let q(o) = -o**3 + 20*o**2 + 2*o - 15. What is the units digit of q(20)?
5
Let x = 108 + -71. Let d = -19 + x. What is the tens digit of d?
1
Suppose 2*i - 160 = 4*s, -2*i - 2*i + 2*s = -332. What is the tens digit of i?
8
Suppose -3*y + 6 = 2*j, -3*y = 4*j + 2 - 14. Suppose -3*a - 5*u + 25 = y, -5*a + 10*a + 5*u = 45. Suppose n - 1 = a. What is the units digit of n?
1
Let y(b) = 2*b**2 + 9*b - 54. What is the units digit of y(-13)?
7
What is the tens digit of (5 + (-174)/30)*65/(-2)?
2
Suppose 2*u - 63 - 1 = 0. What is the tens digit of u?
3
Let f = 92 + -47. What is the units digit of f?
5
Suppose 4*j = -4*i + 44 + 48, -i = -5*j + 127. What is the units digit of j?
5
Let z(y) = 4*y - 1. Let d be z(1). Suppose -d*p = -6*p. What is the units digit of (0 - -1) + (p - -6)?
7
Let y be 5/((4 - 3) + 0). Let h = y + -23. What is the units digit of 4/h + (-22)/(-18)?
1
Suppose 4*l - 36 = -0*l. Suppose -b + l = 1. What is the units digit of b?
8
Let q be 106/(-9) - 6/27. Let t be 4*(-2)/q*6. What is the units digit of (t/(-6))/((-3)/18)?
4
Let c(w) be the second derivative of 5*w**3/2 - w**2/2 + 14*w. Suppose k = -4*b, -2*b - 13 = b + 4*k. What is the tens digit of c(b)?
1
Suppose -4*u - 5*t + 39 = 0, -5*t = -2*u - 4 + 1. Let f = u - 5. What is the units digit of 12 - (f - (-1 - -3))?
3
Suppose 4*g - 4*x - 207 - 237 = 0, 8 = -2*x. What is the tens digit of g?
0
Let f = -24 - -45. Suppose 0 = -2*u + f + 17. What is the tens digit of u?
1
Suppose -1 = 11*n - 56. What is the units digit of n?
5
Suppose 5*c + 87 = 37. What is the units digit of (-264)/(-10) + c/25?
6
Let b = -2 + 4. Suppose -3*t + b*t + 12 = 0. Suppose -2*s + 0*s = -t. What is the units digit of s?
6
Let l(b) = 2*b - 6 + 3 - 8*b. What is the units digit of l(-2)?
9
Let f(w) = -w**2 + 11*w - 14. Let o(x) = -5*x**2 + 54*x - 71. Let j(q) = 11*f(q) - 2*o(q). What is the units digit of j(11)?
0
What is the units digit of (-5 + 2 - -4)*7?
7
Let o be (16/(-20))/((-2)/25). Let d = -22 + o. What is the units digit of ((-3)/2)/(2/d)?
9
What is the tens digit of 0/3 + (58 - -4)?
6
Let i(f) = -f**3 + 10*f**2 + 12*f + 11. What is the units digit of i(10)?
1
Let d be 1*(3 - 8) + 2. What is the units digit of 1*(d + 4)*5?
5
Let c = -18 - -10. Let h = c - -24. What is the units digit of (-1 + 6)*h/10?
8
Let s = -1 - 1. Let l be s + (-3 + 0)/1. What is the units digit of (l/(-10))/(1/2)?
1
Let g(l) = 3*l + 7. Let o(y) = -y - 3. Let c(s) = 3*g(s) + 5*o(s). Let p be c(5). Let j = -18 + p. What is the units digit of j?
8
Let h be (-7 + 8)/(2 - 1). Let o = 16 + h. Let l = o - 9. What is the units digit of l?
8
What is the tens digit of -1 + 565/7 - 54/(-189)?
8
Let z(v) = v**3 - 9*v**2 - 8*v - 8. What is the tens digit of z(11)?
4
Let a be 3/1 - (-6 + 5). What is the units digit of (-9)/a*64/(-12)?
2
Let n(h) = -h**2 + 6*h - 4. Let b be n(5). Let a(d) = d**2 + d - 1. Let k be a(b). Let z(w) = 6*w**3 - w**2 + w. What is the units digit of z(k)?
6
Let v(y) = -7*y. Let u be v(-6). Suppose 2*p + 6 = u. What is the tens digit of p?
1
Suppose 0 = 4*q + 5*c - 60, 2*q - 30 - 22 = 3*c. What is the tens digit of q?
2
Suppose 6 = -2*a, 0*a - 36 = -3*o + 5*a. Suppose 0 = -2*i + 3*i - o. What is the units digit of i?
7
Let u be (6/(-8))/((-2)/(-48)). What is the units digit of (u/(-2))/(6/8)?
2
Suppose 0 = 4*n - 5 - 7. Let q be (-9)/(-5) - 3/(-15). Suppose n*l - q*k = -0*l + 73, 4*l + 5*k - 59 = 0. What is the tens digit of l?
2
Let v(c) = -4*c + 2 - 2*c + 5*c. Suppose 6*u = 4*p + u + 52, p = -2*u. What is the units digit of v(p)?
0
Suppose -2*z + 4*z + o = 2, 4*z + 2 = o. Suppose 0*w + w = z. Suppose w = -4*s + 4*f + 16, 0 = -s + 3*f + 4 + 2. What is the units digit of s?
3
Let b(k) = -k**3 - k**2 + k. Let c be b(0). Suppose c = -2*u - 4*p + 62, 4*u - 9 - 103 = -5*p. Let j = -14 + u. What is the units digit of j?
9
Suppose 0 = 5*o + 2 + 18. Let p = o + 11. What is the units digit of p?
7
Suppose 3*j - y + 4*y = 144, -j - 3*y + 50 = 0. Let o = -25 + j. What is the tens digit of o?
2
What is the units digit of -56*((-12)/(-16) - (-22)/(-8))?
2
Let h(b) = 6*b**2 + b - 3. Let l be h(3). Suppose -2*n + j + l = 3*j, 3*j = -n + 33. What is the units digit of n?
4
Suppose 2*k + 9 = 5*k. Suppose 60 = 2*o + k*z, 3*z = -o + 4*z + 35. What is the tens digit of o?
3
Let f(g) be the second derivative of -g**5/20 - g**4/3 - 5*g**3/6 - 3*g**2/2 + g. What is the units digit of f(-4)?
7
Let q(f) = f**2 - f. Let v = -4 - -5. Let z be q(v). Let u(g) = -g**3 + g + 6. What is the units digit of u(z)?
6
Let q(b) = b**2 - 4*b. Suppose -k = -4*k + 9. Let j be q(k). What is the units digit of (-6 - -21) + 0 + j?
2
Let a be (2 - 2 - -5) + -4. What is the tens digit of 2 - (-42 + 3 + a)?
4
Let f(t) = 5*t**2 - 5*t - 5. What is the units digit of f(8)?
5
Suppose c + 4*c + 4*l = 202, 3*c = -4*l + 118. What is the tens digit of c?
4
Let n = 64 - 34. Let h be (-1)/(2/(-10)) - 0. Suppose 0*r = h*r - n. What is the units digit of r?
6
Let c = 20 - 14. Let d = c - -17. What is the units digit of d?
3
Let j(g) = -6*g**2 + g - 2. Let i(k) = k**2 - k - 1. Let w(d) = i(d) - j(d). Let m = 4 - 3. What is the units digit of w(m)?
6
Let t = -1 + 5. Suppose j = t*q + 5*j + 20, j = 4*q + 20. What is the units digit of (-2)/5 - 52/q?
0
What is the tens digit of (2*(-813)/9)/((-2)/3)?
7
Let y = 31 + -27. Suppose l = -n + 35, y*l - 154 = 2*n + n. What is the tens digit of l?
3
What is the units digit of (8 + -2)*(-12)/(-8)?
9
Suppose -8*b = -b - 154. What i